200?
-1020221211
In base 14, what is -10 + 56a52?
56a42
In base 9, what is 24757 - 3?
24754
In base 8, what is 51457 + -10?
51447
In base 15, what is -a - -53302?
532e7
In base 4, what is -10 - 2022133?
-2022203
In base 12, what is -5b6564 + -2?
-5b6566
In base 10, what is -8674 + -204?
-8878
In base 13, what is 46 - 3b13?
-3a9a
In base 7, what is 6 + -304453?
-304444
In base 11, what is -588 - -337?
-251
In base 12, what is 17 + 1a?
35
In base 6, what is 1440 - 10144?
-4304
In base 11, what is 379163 - 4?
37915a
In base 12, what is 0 - 21339?
-21339
In base 5, what is 201414 - 1220?
200144
In base 9, what is 16 + 118782?
118808
In base 9, what is -32132 - 45?
-32177
In base 7, what is 3 + 30520?
30523
In base 8, what is -3 + 65315?
65312
In base 14, what is -37370 - -3?
-3736b
In base 13, what is -4b5c22 - -5?
-4b5c1a
In base 3, what is 10102 - -211201?
222010
In base 4, what is 22 + 1201100?
1201122
In base 3, what is -221202112200 + 11?
-221202112112
In base 15, what is 69ec3 - 5?
69ebd
In base 5, what is -13 - 1032201?
-1032214
In base 7, what is -45 - 41456?
-41534
In base 16, what is -e2bf99 + 1?
-e2bf98
In base 6, what is -2302 + 23?
-2235
In base 3, what is -1022221 - -212?
-1022002
In base 2, what is -11000011001001110 - 1?
-11000011001001111
In base 13, what is 2226 + -35?
21c1
In base 3, what is -10200 - 10110210?
-10121110
In base 4, what is 10 + 2132010111?
2132010121
In base 12, what is -5a6 - -15a0?
bb6
In base 6, what is 4420515 - -2?
4420521
In base 9, what is 0 + 747470?
747470
In base 12, what is -8321 - 1?
-8322
In base 10, what is -1 + -6950?
-6951
In base 12, what is 5789 - -2?
578b
In base 13, what is -195 - 100b?
-11a3
In base 16, what is -3 - 5ba4?
-5ba7
In base 4, what is -20 - 2223312?
-2223332
In base 3, what is -2020000 - -110021?
-1202202
In base 15, what is 417e - 1?
417d
In base 15, what is -a06 - -5?
-a01
In base 7, what is 2 - -103401?
103403
In base 8, what is 2352 + 43?
2415
In base 14, what is 9b5 + 28?
9dd
In base 4, what is 11220001 - 2322?
11211013
In base 12, what is -44678 - 5?
-44681
In base 4, what is 20323131 - 3?
20323122
In base 16, what is 818 + 12?
82a
In base 3, what is -10 + -2020102001?
-2020102011
In base 8, what is 554 - -5776?
6552
In base 10, what is 36 + -3766?
-3730
In base 4, what is 2122122031 - 12?
2122122013
In base 2, what is 11 - 1001110001101101111?
-1001110001101101100
In base 5, what is 2 - 11340241?
-11340234
In base 12, what is -5 - -211947?
211942
In base 13, what is -18b9c - -12?
-18b8a
In base 10, what is -10 - 43365?
-43375
In base 15, what is 3 - 134?
-131
In base 9, what is -3 + 81278?
81275
In base 4, what is 112 - 101312?
-101200
In base 12, what is 22 + 227?
249
In base 5, what is -1 + 104201400?
104201344
In base 5, what is 10 - -4002120?
4002130
In base 12, what is 165 - -a?
173
In base 8, what is 60300 - -7?
60307
In base 9, what is 7 - 203510?
-203502
In base 2, what is 11 + 1010100010?
1010100101
In base 15, what is 7 - 225c?
-2255
In base 2, what is 1100 + 111110101110?
111110111010
In base 7, what is -36642 + -102?
-40044
In base 2, what is -100101001111100010 + -11?
-100101001111100101
In base 16, what is 4 - 8cc92?
-8cc8e
In base 8, what is -10167 - 262?
-10451
In base 6, what is -11 - -154213?
154202
In base 11, what is -6415 + -3?
-6418
In base 2, what is -1 - 1011010110111?
-1011010111000
In base 16, what is -cfb5 - 4?
-cfb9
In base 9, what is -234 + -405?
-640
In base 3, what is 110 + -12012122212?
-12012122102
In base 8, what is -233 - -5153?
4720
In base 16, what is 1 + 2fbd?
2fbe
In base 2, what is -10101011011111101011 + 101?
-10101011011111100110
In base 4, what is 110033032 - -10?
110033102
In base 14, what is -2d - 88c3?
-8912
In base 5, what is -130231001 + -4?
-130231010
In base 6, what is 4115 + 1054?
5213
In base 14, what is -1955 + -9?
-1960
In base 14, what is -2d1 + -241?
-532
In base 8, what is -2142 + -5?
-2147
In base 12, what is -2 + 1ba25?
1ba23
In base 14, what is 37 + -658?
-621
In base 15, what is -1911 + 48?
-18b8
In base 4, what is 11 - -10112120?
10112131
In base 8, what is 3 + -1352162?
-1352157
In base 14, what is -11d - -12?
-10b
In base 4, what is 102211 - 130?
102021
In base 16, what is -7e8 + d?
-7db
In base 14, what is -17c471 + -3?
-17c474
In base 10, what is -26 - 2214?
-2240
In base 9, what is -527543 - -1?
-527542
In base 16, what is 1e7ac - 3?
1e7a9
In base 14, what is 2b - 503?
-4b6
In base 8, what is 45711 - 10?
45701
In base 9, what is 4846 + 27?
4874
In base 5, what is -1 - 320341?
-320342
In base 11, what is -60 - 21104?
-21164
In base 10, what is 48 - 23335?
-23287
In base 14, what is -1cb221 - -4?
-1cb21b
In base 16, what is 8a + 3a?
c4
In base 10, what is 40 - -226?
266
In base 14, what is -5d0 + -4a?
-63a
In base 12, what is -167794 - -3?
-167791
In base 15, what is -13 + -81b?
-82e
In base 4, what is 3 - -20220100?
20220103
In base 15, what is -a538 - 1?
-a539
In base 6, what is -1 + 2551431?
2551430
In base 14, what is -95 - -87?
-c
In base 7, what is -350153 - 11?
-350164
In base 10, what is 8495 + -21?
8474
In base 5, what is 3112 + 100?
3212
In base 10, what is -143 + -1847?
-1990
In base 8, what is 361 + 671?
1252
In base 2, what is 0 - -1111110111100010111?
1111110111100010111
In base 11, what is -1 - 30643?
-30644
In base 11, what is -580a9 + -4?
-58102
In base 11, what is 198928 - -1?
198929
In base 2, what is 1011 - 1111011111011010?
-1111011111001111
In base 16, what is 52 - -1ec?
23e
In base 4, what is 3 + 2323303?
2323312
In base 14, what is 80452 - -3?
80455
In base 12, what is -4755 - -4?
-4751
In base 15, what is b013b + 5?
b0141
In base 14, what is -154 - -19d?
49
In base 5, what is 10231044 - -13?
10231112
In base 3, what is 110110002 + 10100?
110120102
In base 2, what is 1000001 + 10100010011110?
10100011011111
In base 11, what is 27353 - 2?
27351
In base 9, what is -1333 + -284?
-1627
In base 5, what is 34403 + 100?
40003
In base 5, what is 3 + -2103311?
-2103303
In base 3, what is 120110 + -10010?
110100
In base 7, what is 2 + 2632360?
2632362
In base 13, what is -3 + 11408?
11405
In base 7, what is -23513 - 4?
-23520
In base 9, what is 4 + 604260?
604264
In base 7, what is 106413 + 3?
106416
In base 8, what is -2420 + 624?
-1574
In base 2, what is -100 - -1001000000100?
1001000000000
In base 13, what is 17320 - -b?
1732b
In base 6, what is 1031413 + 221?
1032034
In base 7, what is 143652535 - 1?
143652534
In base 13, what is 100a + -49b?
83c
In base 5, what is -32224212 - -1?
-32224211
In base 6, what is 1521302 + 22?
1521324
In base 7, what is -54 - -6616?
6532
In base 12, what is -4 + -17a7?
-17ab
In base 6, what is -1015304 + -5?
-1015313
In base 16, what is -4521 - -3?
-451e
In base 14, what is -28b - d?
-29a
In base 15, what is 2 + -4713b?
-47139
In base 10, what is 1834 + 13?
1847
In base 14, what is 74bb - -10?
74cb
In base 10, what is -29059 + 3?
-29056
In base 8, what is 6 + 21654?
21662
In base 13, what is 3836 + 15?
384b
In base 2, what is -1101110100100 + 1011?
-1101110011001
In base 15, what is d + 1a669?
1a677
In base 9, what is 25 - 117262?
-117236
In base 6, what is -5010335 - 25?
-5010404
In base 2, what is -1100001111011000100 + -100?
-1100001111011001000
In base 16, what is 2 + 1855?
1857
In base 9, what is -18 - 2?
-21
In base 8, what is -130224 + -3?
-130227
In base 6, what is -12 - -2311323?
2311311
In base 8, what is -106163 + 2?
-106161
In base 15, what is -85a + -8?
-863
In base 11, what is -1104 + -aa0?
-20a4
In base 13, what is -417 + -22?
-439
In base 15, what is -b + 3d1?
3c5
In base 13, what is 5 - 1902b?
-19026
In base 4, what is 3 + -22130322?
-22130313
In base 9, what is 3245 - 17?
3227
In base 16, what is 67b6 + 11?
67c7
In base 14, what is 77 + -147?
-b0
In base 6, what is -1104450 - 4?
-1104454
In base 6, what is 4 - -434531?
434535
In base 13, what is -65cc - -2?
-65ca
In base 4, what is 2002101 + -110?
2001331
In base 9, what is -1210848 + -1?
-1210850
In base 3, what is 0 + 210121010?
210121010
In base 14, what is -36d0 - -263?
-346b
In base 8, what is 76 - 416?
-320
In base 5, what is 1001 + 3241?
4242
In base 7, what is 1 - -5224152?
5224153
In base 3, what is -110 + 10111111?
10111001
In base 6, what is 20 - 5213?
-5153
In base 4, what is 13